{"id":72,"date":"2025-08-03T22:42:00","date_gmt":"2025-08-03T20:42:00","guid":{"rendered":"https:\/\/sanvenero.cz\/mgr-lada-sanvenero\/?page_id=72"},"modified":"2025-08-10T23:56:48","modified_gmt":"2025-08-10T21:56:48","slug":"mgr-lada-sanvenero-2","status":"publish","type":"page","link":"https:\/\/sanvenero.cz\/mgr-lada-sanvenero\/mgr-lada-sanvenero-2\/","title":{"rendered":"Mgr. Lada SANVENERO"},"content":{"rendered":"\n<div class=\"wp-block-group alignfull is-layout-flow wp-container-core-group-is-layout-f9cb6abc wp-block-group-is-layout-flow\" style=\"margin-top:0;margin-bottom:0\">\n<div class=\"wp-block-columns alignfull is-not-stacked-on-mobile is-layout-flex wp-container-core-columns-is-layout-e154fb6a wp-block-columns-is-layout-flex\" style=\"margin-top:0;margin-bottom:0;padding-top:var(--wp--preset--spacing--40);padding-right:var(--wp--preset--spacing--40);padding-bottom:var(--wp--preset--spacing--80);padding-left:var(--wp--preset--spacing--40)\">\n<div class=\"wp-block-column is-vertically-aligned-center is-layout-flow wp-block-column-is-layout-flow\" style=\"flex-basis:66.66%\">\n<div class=\"wp-block-group is-vertical is-content-justification-stretch is-layout-flex wp-container-core-group-is-layout-d929f86e wp-block-group-is-layout-flex\">\n<h2 class=\"wp-block-heading has-text-align-center has-xx-large-font-size\">poradenstv\u00ed. prov\u00e1zen\u00ed. terapie<\/h2>\n\n\n\n<p class=\"has-text-align-center has-x-large-font-size\"><sup>pro d\u011bti \u2013 dop\u00edvaj\u00edc\u00ed \u2013 rodi\u010de<\/sup><\/p>\n\n\n\n<div style=\"height:0px\" aria-hidden=\"true\" class=\"wp-block-spacer wp-container-content-70a6772a\"><\/div>\n<\/div>\n<\/div>\n<\/div>\n\n\n\n<figure class=\"wp-block-pullquote\"><blockquote><p>\u201eK tomu, abychom jasn\u011b vid\u011bli, \u010dasto sta\u010d\u00ed zm\u011bnit sm\u011br pohledu.\u201c<\/p><cite><sup>Antoine de Saint-Exup\u00e9ry<\/sup><\/cite><\/blockquote><\/figure>\n\n\n\n<div class=\"wp-block-columns alignfull is-style-section-2 is-layout-flex wp-container-core-columns-is-layout-d9884270 wp-block-columns-is-layout-flex is-style-section-2--1\" style=\"padding-top:0;padding-bottom:0\">\n<div class=\"wp-block-column is-style-section-1 is-layout-flow wp-block-column-is-layout-flow is-style-section-1--2\" style=\"flex-basis:50%\">\n<div class=\"wp-block-group is-style-section-1 is-vertical is-content-justification-stretch is-layout-flex wp-container-core-group-is-layout-098fff0a wp-block-group-is-layout-flex is-style-section-1--3\" style=\"min-height:33vh;padding-top:var(--wp--preset--spacing--50);padding-right:var(--wp--preset--spacing--50);padding-bottom:var(--wp--preset--spacing--50);padding-left:var(--wp--preset--spacing--50)\">\n<p>O mn\u011b<\/p>\n\n\n\n<p>Vystudovala jsem p\u0159ed\u0161koln\u00ed, mimo\u0161koln\u00ed a n\u00e1sledn\u011b tak\u00e9 speci\u00e1ln\u00ed pedagogiku. Pracovala jsem ve zdravotnictv\u00ed, v humanit\u00e1rn\u00ed organizaci a posledn\u00edch n\u011bkolik let jako speci\u00e1ln\u00ed pedagog v mate\u0159sk\u00e9 a z\u00e1kladn\u00ed \u0161kole.<\/p>\n\n\n\n<p>Jsem frekventantkou 6ti let\u00e9ho v\u00fdcviku v poradenstv\u00ed pro d\u011bti a rodi\u010de a psychoterapii d\u011bt\u00ed v INDEPT, absolvovala ro\u010dn\u00ed v\u00fdcvik u Dr.Petera P\u00f6eteho ve vztahov\u00e9 psychoterapii d\u011bt\u00ed a adolescent\u016f \u010di ro\u010dn\u00ed kurz v Sandtray.<\/p>\n\n\n\n<p>Zam\u011b\u0159uji se na pr\u00e1ci s d\u011btmi a dosp\u00edvaj\u00edc\u00edmi, v tom je pro m\u011b d\u016fle\u017eit\u00fd kontakt s rodi\u010di. Rad\u011bji naslouch\u00e1m, ne\u017e mluv\u00edm, spole\u010dn\u011b s klientem hled\u00e1m \u201cco by se mohlo a dalo ud\u011blat, ne\u017eli co by se m\u011blo\u201d.<\/p>\n\n\n\n<div style=\"height:0px\" aria-hidden=\"true\" class=\"wp-block-spacer wp-container-content-6388d5dc\"><\/div>\n\n\n\n<h2 class=\"wp-block-heading has-xx-large-font-size\">+420 608 170 292<\/h2>\n\n\n\n<p>lada@sanvenero.cz<\/p>\n<\/div>\n\n\n<\/div>\n\n\n\n<div class=\"wp-block-column is-layout-flow wp-block-column-is-layout-flow\" style=\"flex-basis:50%\">\n<div class=\"wp-block-cover is-light\" style=\"min-height:100vh;aspect-ratio:unset;\"><img loading=\"lazy\" decoding=\"async\" width=\"683\" height=\"1024\" class=\"wp-block-cover__image-background wp-image-9 size-large\" alt=\"\" src=\"https:\/\/sanvenero.cz\/wp-content\/uploads\/2025\/06\/IMG_20210903_202710-683x1024.jpg\" data-object-fit=\"cover\" srcset=\"https:\/\/sanvenero.cz\/wp-content\/uploads\/2025\/06\/IMG_20210903_202710-683x1024.jpg 683w, https:\/\/sanvenero.cz\/wp-content\/uploads\/2025\/06\/IMG_20210903_202710-200x300.jpg 200w, https:\/\/sanvenero.cz\/wp-content\/uploads\/2025\/06\/IMG_20210903_202710-768x1152.jpg 768w, https:\/\/sanvenero.cz\/wp-content\/uploads\/2025\/06\/IMG_20210903_202710-1024x1536.jpg 1024w, https:\/\/sanvenero.cz\/wp-content\/uploads\/2025\/06\/IMG_20210903_202710-1365x2048.jpg 1365w, https:\/\/sanvenero.cz\/wp-content\/uploads\/2025\/06\/IMG_20210903_202710-scaled.jpg 1706w\" sizes=\"auto, (max-width: 683px) 100vw, 683px\" \/><span aria-hidden=\"true\" class=\"wp-block-cover__background has-background-dim-0 has-background-dim\" style=\"background-color:#997c51\"><\/span><div class=\"wp-block-cover__inner-container is-layout-flow wp-block-cover-is-layout-flow\">\n<div style=\"height:var(--wp--preset--spacing--20)\" aria-hidden=\"true\" class=\"wp-block-spacer\"><\/div>\n<\/div><\/div>\n<\/div>\n<\/div>\n<\/div>\n","protected":false},"excerpt":{"rendered":"<p>poradenstv\u00ed. prov\u00e1zen\u00ed. terapie pro d\u011bti \u2013 dop\u00edvaj\u00edc\u00ed \u2013 rodi\u010de \u201eK tomu, abychom jasn\u011b vid\u011bli, \u010dasto sta\u010d\u00ed zm\u011bnit sm\u011br pohledu.\u201c Antoine de Saint-Exup\u00e9ry O mn\u011b Vystudovala jsem p\u0159ed\u0161koln\u00ed, mimo\u0161koln\u00ed a n\u00e1sledn\u011b tak\u00e9 speci\u00e1ln\u00ed pedagogiku. Pracovala jsem ve zdravotnictv\u00ed, v humanit\u00e1rn\u00ed organizaci a posledn\u00edch n\u011bkolik let jako speci\u00e1ln\u00ed pedagog v mate\u0159sk\u00e9 a z\u00e1kladn\u00ed \u0161kole. Jsem frekventantkou 6ti [&hellip;]<\/p>\n","protected":false},"author":1,"featured_media":0,"parent":0,"menu_order":0,"comment_status":"closed","ping_status":"closed","template":"","meta":{"footnotes":""},"class_list":["post-72","page","type-page","status-publish","hentry"],"_links":{"self":[{"href":"https:\/\/sanvenero.cz\/mgr-lada-sanvenero\/wp-json\/wp\/v2\/pages\/72","targetHints":{"allow":["GET"]}}],"collection":[{"href":"https:\/\/sanvenero.cz\/mgr-lada-sanvenero\/wp-json\/wp\/v2\/pages"}],"about":[{"href":"https:\/\/sanvenero.cz\/mgr-lada-sanvenero\/wp-json\/wp\/v2\/types\/page"}],"author":[{"embeddable":true,"href":"https:\/\/sanvenero.cz\/mgr-lada-sanvenero\/wp-json\/wp\/v2\/users\/1"}],"replies":[{"embeddable":true,"href":"https:\/\/sanvenero.cz\/mgr-lada-sanvenero\/wp-json\/wp\/v2\/comments?post=72"}],"version-history":[{"count":3,"href":"https:\/\/sanvenero.cz\/mgr-lada-sanvenero\/wp-json\/wp\/v2\/pages\/72\/revisions"}],"predecessor-version":[{"id":79,"href":"https:\/\/sanvenero.cz\/mgr-lada-sanvenero\/wp-json\/wp\/v2\/pages\/72\/revisions\/79"}],"wp:attachment":[{"href":"https:\/\/sanvenero.cz\/mgr-lada-sanvenero\/wp-json\/wp\/v2\/media?parent=72"}],"curies":[{"name":"wp","href":"https:\/\/api.w.org\/{rel}","templated":true}]}}

<div class="wp-block-group alignfull is-layout-flow wp-container-core-group-is-layout-f9cb6abc wp-block-group-is-layout-flow" style="margin-top:0;margin-bottom:0">
<div class="wp-block-columns alignfull is-not-stacked-on-mobile is-layout-flex wp-container-core-columns-is-layout-e154fb6a wp-block-columns-is-layout-flex" style="margin-top:0;margin-bottom:0;padding-top:var(--wp--preset--spacing--40);padding-right:var(--wp--preset--spacing--40);padding-bottom:var(--wp--preset--spacing--80);padding-left:var(--wp--preset--spacing--40)">
<div class="wp-block-column is-vertically-aligned-center is-layout-flow wp-block-column-is-layout-flow" style="flex-basis:66.66%">
<div class="wp-block-group is-vertical is-content-justification-stretch is-layout-flex wp-container-core-group-is-layout-d929f86e wp-block-group-is-layout-flex">
<h2 class="wp-block-heading has-text-align-center has-xx-large-font-size">poradenství. provázení. terapie</h2>



<p class="has-text-align-center has-x-large-font-size"><sup>pro děti – dopívající – rodiče</sup></p>



<div style="height:0px" aria-hidden="true" class="wp-block-spacer wp-container-content-70a6772a"></div>
</div>
</div>
</div>



<figure class="wp-block-pullquote"><blockquote><p>„K tomu, abychom jasně viděli, často stačí změnit směr pohledu.“</p><cite><sup>Antoine de Saint-Exupéry</sup></cite></blockquote></figure>



<div class="wp-block-columns alignfull is-style-section-2 is-layout-flex wp-container-core-columns-is-layout-d9884270 wp-block-columns-is-layout-flex is-style-section-2--1" style="padding-top:0;padding-bottom:0">
<div class="wp-block-column is-style-section-1 is-layout-flow wp-block-column-is-layout-flow is-style-section-1--2" style="flex-basis:50%">
<div class="wp-block-group is-style-section-1 is-vertical is-content-justification-stretch is-layout-flex wp-container-core-group-is-layout-098fff0a wp-block-group-is-layout-flex is-style-section-1--3" style="min-height:33vh;padding-top:var(--wp--preset--spacing--50);padding-right:var(--wp--preset--spacing--50);padding-bottom:var(--wp--preset--spacing--50);padding-left:var(--wp--preset--spacing--50)">
<p>O mně</p>



<p>Vystudovala jsem předškolní, mimoškolní a následně také speciální pedagogiku. Pracovala jsem ve zdravotnictví, v humanitární organizaci a posledních několik let jako speciální pedagog v mateřské a základní škole.</p>



<p>Jsem frekventantkou 6ti letého výcviku v poradenství pro děti a rodiče a psychoterapii dětí v INDEPT, absolvovala roční výcvik u Dr.Petera Pöeteho ve vztahové psychoterapii dětí a adolescentů či roční kurz v Sandtray.</p>



<p>Zaměřuji se na práci s dětmi a dospívajícími, v tom je pro mě důležitý kontakt s rodiči. Raději naslouchám, než mluvím, společně s klientem hledám “co by se mohlo a dalo udělat, nežli co by se mělo”.</p>



<div style="height:0px" aria-hidden="true" class="wp-block-spacer wp-container-content-6388d5dc"></div>



<h2 class="wp-block-heading has-xx-large-font-size">+420 608 170 292</h2>



<p>lada@sanvenero.cz</p>
</div>


</div>



<div class="wp-block-column is-layout-flow wp-block-column-is-layout-flow" style="flex-basis:50%">
<div class="wp-block-cover is-light" style="min-height:100vh;aspect-ratio:unset;"><img loading="lazy" decoding="async" width="683" height="1024" class="wp-block-cover__image-background wp-image-9 size-large" alt="" src="https://sanvenero.cz/wp-content/uploads/2025/06/IMG_20210903_202710-683x1024.jpg" data-object-fit="cover" srcset="https://sanvenero.cz/wp-content/uploads/2025/06/IMG_20210903_202710-683x1024.jpg 683w, https://sanvenero.cz/wp-content/uploads/2025/06/IMG_20210903_202710-200x300.jpg 200w, https://sanvenero.cz/wp-content/uploads/2025/06/IMG_20210903_202710-768x1152.jpg 768w, https://sanvenero.cz/wp-content/uploads/2025/06/IMG_20210903_202710-1024x1536.jpg 1024w, https://sanvenero.cz/wp-content/uploads/2025/06/IMG_20210903_202710-1365x2048.jpg 1365w, https://sanvenero.cz/wp-content/uploads/2025/06/IMG_20210903_202710-scaled.jpg 1706w" sizes="auto, (max-width: 683px) 100vw, 683px" /><span aria-hidden="true" class="wp-block-cover__background has-background-dim-0 has-background-dim" style="background-color:#997c51"></span><div class="wp-block-cover__inner-container is-layout-flow wp-block-cover-is-layout-flow">
<div style="height:var(--wp--preset--spacing--20)" aria-hidden="true" class="wp-block-spacer"></div>
</div></div>
</div>
</div>
</div>

<p>poradenství. provázení. terapie pro děti – dopívající – rodiče „K tomu, abychom jasně viděli, často stačí změnit směr pohledu.“ Antoine de Saint-Exupéry O mně Vystudovala jsem předškolní, mimoškolní a následně také speciální pedagogiku. Pracovala jsem ve zdravotnictví, v humanitární organizaci a posledních několik let jako speciální pedagog v mateřské a základní škole. Jsem frekventantkou 6ti [&hellip;]</p>
